





{"id":432,"date":"2017-04-27T14:06:37","date_gmt":"2017-04-27T12:06:37","guid":{"rendered":"https:\/\/ruralis.no\/ansatte\/bjorn-egil-flo\/"},"modified":"2026-02-19T15:06:33","modified_gmt":"2026-02-19T14:06:33","slug":"bjorn-egil-flo-en","status":"publish","type":"employees","link":"https:\/\/ruralis.no\/en\/employees\/bjorn-egil-flo-en\/","title":{"rendered":"Bj\u00f8rn Egil Fl\u00f8 (contract completed June 2015)"},"content":{"rendered":"<p>Bj\u00f8rn Egil Fl\u00f8 has been employed by the Centre for Rural Research since 1997. He has broad research experience on issues such as organic farming, multifunctional agriculture, sustainable agriculture and rural communities. Fl\u00f8 is currently working on his doctoral dissertation on conflicts and controversies connected to commercializing of the moose hunt in rural communities. His contract completed 2015.<\/p>\n","protected":false},"excerpt":{"rendered":"<p>Bj\u00f8rn Egil Fl\u00f8 has been employed by the Centre for Rural Research since 1997. He has broad research experience on issues such as organic farming, multifunctional agriculture, sustainable agriculture and rural communities. Fl\u00f8 is currently working on his doctoral dissertation on conflicts and controversies connected to commercializing of the moose hunt in rural communities. His&hellip;<\/p>\n","protected":false},"author":1,"featured_media":17169,"parent":0,"template":"","research-areas":[],"departments":[249],"class_list":["post-432","employees","type-employees","status-publish","has-post-thumbnail","hentry","departments-researchers"],"acf":{"employee_firstname":"Bj\u00f8rn Egil","employee_lastname":"Fl\u00f8","employee_position":"Researcher","employee_title":"Cand.polit. (Sociology)","employee_role":"","employee_email":"Bjorn.Flo@ruralis.no","employee_phone":"+47 73 59 89 73","employee_phone-private":"","employee_fax":"+47 73 59 12 75","employee_phone-cell":"+47 951 15 617","employee_address":"","employee_country":"","employee_cv":"","employee_cristin-id":26041,"employee_state":"0"},"yoast_head":"<!-- This site is optimized with the Yoast SEO plugin v27.4 - https:\/\/yoast.com\/product\/yoast-seo-wordpress\/ -->\n<title>Bj\u00f8rn Egil Fl\u00f8 (contract completed June 2015) - Ruralis<\/title>\n<meta name=\"robots\" content=\"index, follow, max-snippet:-1, max-image-preview:large, max-video-preview:-1\" \/>\n<link rel=\"canonical\" href=\"https:\/\/ruralis.no\/en\/employees\/bjorn-egil-flo-en\/\" \/>\n<meta property=\"og:locale\" content=\"en_US\" \/>\n<meta property=\"og:type\" content=\"article\" \/>\n<meta property=\"og:title\" content=\"Bj\u00f8rn Egil Fl\u00f8 (contract completed June 2015) - Ruralis\" \/>\n<meta property=\"og:description\" content=\"Bj\u00f8rn Egil Fl\u00f8 has been employed by the Centre for Rural Research since 1997. He has broad research experience on issues such as organic farming, multifunctional agriculture, sustainable agriculture and rural communities. Fl\u00f8 is currently working on his doctoral dissertation on conflicts and controversies connected to commercializing of the moose hunt in rural communities. His&hellip;\" \/>\n<meta property=\"og:url\" content=\"https:\/\/ruralis.no\/en\/employees\/bjorn-egil-flo-en\/\" \/>\n<meta property=\"og:site_name\" content=\"Ruralis\" \/>\n<meta property=\"article:publisher\" content=\"https:\/\/www.facebook.com\/stiftelsenruralis\/\" \/>\n<meta property=\"article:modified_time\" content=\"2026-02-19T14:06:33+00:00\" \/>\n<meta property=\"og:image\" content=\"https:\/\/ruralis.no\/wp-content\/uploads\/2017\/04\/1533e7b57d59e5.jpg\" \/>\n\t<meta property=\"og:image:width\" content=\"1416\" \/>\n\t<meta property=\"og:image:height\" content=\"2117\" \/>\n\t<meta property=\"og:image:type\" content=\"image\/jpeg\" \/>\n<meta name=\"twitter:card\" content=\"summary_large_image\" \/>\n<meta name=\"twitter:site\" content=\"@ruralis_no\" \/>\n<meta name=\"twitter:label1\" content=\"Est. reading time\" \/>\n\t<meta name=\"twitter:data1\" content=\"1 minute\" \/>\n<script type=\"application\/ld+json\" class=\"yoast-schema-graph\">{\"@context\":\"https:\\\/\\\/schema.org\",\"@graph\":[{\"@type\":\"WebPage\",\"@id\":\"https:\\\/\\\/ruralis.no\\\/en\\\/employees\\\/bjorn-egil-flo-en\\\/\",\"url\":\"https:\\\/\\\/ruralis.no\\\/en\\\/employees\\\/bjorn-egil-flo-en\\\/\",\"name\":\"Bj\u00f8rn Egil Fl\u00f8 (contract completed June 2015) - Ruralis\",\"isPartOf\":{\"@id\":\"https:\\\/\\\/ruralis.no\\\/en\\\/#website\"},\"primaryImageOfPage\":{\"@id\":\"https:\\\/\\\/ruralis.no\\\/en\\\/employees\\\/bjorn-egil-flo-en\\\/#primaryimage\"},\"image\":{\"@id\":\"https:\\\/\\\/ruralis.no\\\/en\\\/employees\\\/bjorn-egil-flo-en\\\/#primaryimage\"},\"thumbnailUrl\":\"https:\\\/\\\/ruralis.no\\\/wp-content\\\/uploads\\\/2017\\\/04\\\/1533e7b57d59e5.jpg\",\"datePublished\":\"2017-04-27T12:06:37+00:00\",\"dateModified\":\"2026-02-19T14:06:33+00:00\",\"breadcrumb\":{\"@id\":\"https:\\\/\\\/ruralis.no\\\/en\\\/employees\\\/bjorn-egil-flo-en\\\/#breadcrumb\"},\"inLanguage\":\"en-US\",\"potentialAction\":[{\"@type\":\"ReadAction\",\"target\":[\"https:\\\/\\\/ruralis.no\\\/en\\\/employees\\\/bjorn-egil-flo-en\\\/\"]}]},{\"@type\":\"ImageObject\",\"inLanguage\":\"en-US\",\"@id\":\"https:\\\/\\\/ruralis.no\\\/en\\\/employees\\\/bjorn-egil-flo-en\\\/#primaryimage\",\"url\":\"https:\\\/\\\/ruralis.no\\\/wp-content\\\/uploads\\\/2017\\\/04\\\/1533e7b57d59e5.jpg\",\"contentUrl\":\"https:\\\/\\\/ruralis.no\\\/wp-content\\\/uploads\\\/2017\\\/04\\\/1533e7b57d59e5.jpg\",\"width\":1416,\"height\":2117},{\"@type\":\"BreadcrumbList\",\"@id\":\"https:\\\/\\\/ruralis.no\\\/en\\\/employees\\\/bjorn-egil-flo-en\\\/#breadcrumb\",\"itemListElement\":[{\"@type\":\"ListItem\",\"position\":1,\"name\":\"Hjem\",\"item\":\"https:\\\/\\\/ruralis.no\\\/en\\\/\"},{\"@type\":\"ListItem\",\"position\":2,\"name\":\"Employees\",\"item\":\"https:\\\/\\\/ruralis.no\\\/ansatte\\\/\"},{\"@type\":\"ListItem\",\"position\":3,\"name\":\"Bj\u00f8rn Egil Fl\u00f8 (contract completed June 2015)\"}]},{\"@type\":\"WebSite\",\"@id\":\"https:\\\/\\\/ruralis.no\\\/en\\\/#website\",\"url\":\"https:\\\/\\\/ruralis.no\\\/en\\\/\",\"name\":\"Ruralis\",\"description\":\"Institutt for rural- og regionalforskning\",\"publisher\":{\"@id\":\"https:\\\/\\\/ruralis.no\\\/en\\\/#organization\"},\"potentialAction\":[{\"@type\":\"SearchAction\",\"target\":{\"@type\":\"EntryPoint\",\"urlTemplate\":\"https:\\\/\\\/ruralis.no\\\/en\\\/?s={search_term_string}\"},\"query-input\":{\"@type\":\"PropertyValueSpecification\",\"valueRequired\":true,\"valueName\":\"search_term_string\"}}],\"inLanguage\":\"en-US\"},{\"@type\":\"Organization\",\"@id\":\"https:\\\/\\\/ruralis.no\\\/en\\\/#organization\",\"name\":\"Ruralis - Institutt for rural- og regionalforskning\",\"alternateName\":\"Ruralis\",\"url\":\"https:\\\/\\\/ruralis.no\\\/en\\\/\",\"logo\":{\"@type\":\"ImageObject\",\"inLanguage\":\"en-US\",\"@id\":\"https:\\\/\\\/ruralis.no\\\/en\\\/#\\\/schema\\\/logo\\\/image\\\/\",\"url\":\"https:\\\/\\\/ruralis.no\\\/wp-content\\\/uploads\\\/2023\\\/04\\\/ruralis_logo-1-1.svg\",\"contentUrl\":\"https:\\\/\\\/ruralis.no\\\/wp-content\\\/uploads\\\/2023\\\/04\\\/ruralis_logo-1-1.svg\",\"width\":129,\"height\":64,\"caption\":\"Ruralis - Institutt for rural- og regionalforskning\"},\"image\":{\"@id\":\"https:\\\/\\\/ruralis.no\\\/en\\\/#\\\/schema\\\/logo\\\/image\\\/\"},\"sameAs\":[\"https:\\\/\\\/www.facebook.com\\\/stiftelsenruralis\\\/\",\"https:\\\/\\\/x.com\\\/ruralis_no\",\"https:\\\/\\\/www.instagram.com\\\/ruralis_no\",\"https:\\\/\\\/www.linkedin.com\\\/company\\\/ruralis_no\\\/\",\"https:\\\/\\\/www.youtube.com\\\/@ruralis_no\"]}]}<\/script>\n<!-- \/ Yoast SEO plugin. -->","yoast_head_json":{"title":"Bj\u00f8rn Egil Fl\u00f8 (contract completed June 2015) - Ruralis","robots":{"index":"index","follow":"follow","max-snippet":"max-snippet:-1","max-image-preview":"max-image-preview:large","max-video-preview":"max-video-preview:-1"},"canonical":"https:\/\/ruralis.no\/en\/employees\/bjorn-egil-flo-en\/","og_locale":"en_US","og_type":"article","og_title":"Bj\u00f8rn Egil Fl\u00f8 (contract completed June 2015) - Ruralis","og_description":"Bj\u00f8rn Egil Fl\u00f8 has been employed by the Centre for Rural Research since 1997. He has broad research experience on issues such as organic farming, multifunctional agriculture, sustainable agriculture and rural communities. Fl\u00f8 is currently working on his doctoral dissertation on conflicts and controversies connected to commercializing of the moose hunt in rural communities. His&hellip;","og_url":"https:\/\/ruralis.no\/en\/employees\/bjorn-egil-flo-en\/","og_site_name":"Ruralis","article_publisher":"https:\/\/www.facebook.com\/stiftelsenruralis\/","article_modified_time":"2026-02-19T14:06:33+00:00","og_image":[{"width":1416,"height":2117,"url":"https:\/\/ruralis.no\/wp-content\/uploads\/2017\/04\/1533e7b57d59e5.jpg","type":"image\/jpeg"}],"twitter_card":"summary_large_image","twitter_site":"@ruralis_no","twitter_misc":{"Est. reading time":"1 minute"},"schema":{"@context":"https:\/\/schema.org","@graph":[{"@type":"WebPage","@id":"https:\/\/ruralis.no\/en\/employees\/bjorn-egil-flo-en\/","url":"https:\/\/ruralis.no\/en\/employees\/bjorn-egil-flo-en\/","name":"Bj\u00f8rn Egil Fl\u00f8 (contract completed June 2015) - Ruralis","isPartOf":{"@id":"https:\/\/ruralis.no\/en\/#website"},"primaryImageOfPage":{"@id":"https:\/\/ruralis.no\/en\/employees\/bjorn-egil-flo-en\/#primaryimage"},"image":{"@id":"https:\/\/ruralis.no\/en\/employees\/bjorn-egil-flo-en\/#primaryimage"},"thumbnailUrl":"https:\/\/ruralis.no\/wp-content\/uploads\/2017\/04\/1533e7b57d59e5.jpg","datePublished":"2017-04-27T12:06:37+00:00","dateModified":"2026-02-19T14:06:33+00:00","breadcrumb":{"@id":"https:\/\/ruralis.no\/en\/employees\/bjorn-egil-flo-en\/#breadcrumb"},"inLanguage":"en-US","potentialAction":[{"@type":"ReadAction","target":["https:\/\/ruralis.no\/en\/employees\/bjorn-egil-flo-en\/"]}]},{"@type":"ImageObject","inLanguage":"en-US","@id":"https:\/\/ruralis.no\/en\/employees\/bjorn-egil-flo-en\/#primaryimage","url":"https:\/\/ruralis.no\/wp-content\/uploads\/2017\/04\/1533e7b57d59e5.jpg","contentUrl":"https:\/\/ruralis.no\/wp-content\/uploads\/2017\/04\/1533e7b57d59e5.jpg","width":1416,"height":2117},{"@type":"BreadcrumbList","@id":"https:\/\/ruralis.no\/en\/employees\/bjorn-egil-flo-en\/#breadcrumb","itemListElement":[{"@type":"ListItem","position":1,"name":"Hjem","item":"https:\/\/ruralis.no\/en\/"},{"@type":"ListItem","position":2,"name":"Employees","item":"https:\/\/ruralis.no\/ansatte\/"},{"@type":"ListItem","position":3,"name":"Bj\u00f8rn Egil Fl\u00f8 (contract completed June 2015)"}]},{"@type":"WebSite","@id":"https:\/\/ruralis.no\/en\/#website","url":"https:\/\/ruralis.no\/en\/","name":"Ruralis","description":"Institutt for rural- og regionalforskning","publisher":{"@id":"https:\/\/ruralis.no\/en\/#organization"},"potentialAction":[{"@type":"SearchAction","target":{"@type":"EntryPoint","urlTemplate":"https:\/\/ruralis.no\/en\/?s={search_term_string}"},"query-input":{"@type":"PropertyValueSpecification","valueRequired":true,"valueName":"search_term_string"}}],"inLanguage":"en-US"},{"@type":"Organization","@id":"https:\/\/ruralis.no\/en\/#organization","name":"Ruralis - Institutt for rural- og regionalforskning","alternateName":"Ruralis","url":"https:\/\/ruralis.no\/en\/","logo":{"@type":"ImageObject","inLanguage":"en-US","@id":"https:\/\/ruralis.no\/en\/#\/schema\/logo\/image\/","url":"https:\/\/ruralis.no\/wp-content\/uploads\/2023\/04\/ruralis_logo-1-1.svg","contentUrl":"https:\/\/ruralis.no\/wp-content\/uploads\/2023\/04\/ruralis_logo-1-1.svg","width":129,"height":64,"caption":"Ruralis - Institutt for rural- og regionalforskning"},"image":{"@id":"https:\/\/ruralis.no\/en\/#\/schema\/logo\/image\/"},"sameAs":["https:\/\/www.facebook.com\/stiftelsenruralis\/","https:\/\/x.com\/ruralis_no","https:\/\/www.instagram.com\/ruralis_no","https:\/\/www.linkedin.com\/company\/ruralis_no\/","https:\/\/www.youtube.com\/@ruralis_no"]}]}},"_links":{"self":[{"href":"https:\/\/ruralis.no\/en\/wp-json\/wp\/v2\/employees\/432","targetHints":{"allow":["GET"]}}],"collection":[{"href":"https:\/\/ruralis.no\/en\/wp-json\/wp\/v2\/employees"}],"about":[{"href":"https:\/\/ruralis.no\/en\/wp-json\/wp\/v2\/types\/employees"}],"author":[{"embeddable":true,"href":"https:\/\/ruralis.no\/en\/wp-json\/wp\/v2\/users\/1"}],"wp:featuredmedia":[{"embeddable":true,"href":"https:\/\/ruralis.no\/en\/wp-json\/wp\/v2\/media\/17169"}],"wp:attachment":[{"href":"https:\/\/ruralis.no\/en\/wp-json\/wp\/v2\/media?parent=432"}],"wp:term":[{"taxonomy":"research-areas","embeddable":true,"href":"https:\/\/ruralis.no\/en\/wp-json\/wp\/v2\/research-areas?post=432"},{"taxonomy":"departments","embeddable":true,"href":"https:\/\/ruralis.no\/en\/wp-json\/wp\/v2\/departments?post=432"}],"curies":[{"name":"wp","href":"https:\/\/api.w.org\/{rel}","templated":true}]}}

Bjørn Egil Flø (contract completed June 2015)

<p>Bjørn Egil Flø has been employed by the Centre for Rural Research since 1997. He has broad research experience on issues such as organic farming, multifunctional agriculture, sustainable agriculture and rural communities. Flø is currently working on his doctoral dissertation on conflicts and controversies connected to commercializing of the moose hunt in rural communities. His contract completed 2015.</p>

<p>Bjørn Egil Flø has been employed by the Centre for Rural Research since 1997. He has broad research experience on issues such as organic farming, multifunctional agriculture, sustainable agriculture and rural communities. Flø is currently working on his doctoral dissertation on conflicts and controversies connected to commercializing of the moose hunt in rural communities. His&hellip;</p>

Bjørn Egil

Flø

<!-- This site is optimized with the Yoast SEO plugin v27.4 - https://yoast.com/product/yoast-seo-wordpress/ -->
<title>Bjørn Egil Flø (contract completed June 2015) - Ruralis</title>
<meta name="robots" content="index, follow, max-snippet:-1, max-image-preview:large, max-video-preview:-1" />
<link rel="canonical" href="https://ruralis.no/en/employees/bjorn-egil-flo-en/" />
<meta property="og:locale" content="en_US" />
<meta property="og:type" content="article" />
<meta property="og:title" content="Bjørn Egil Flø (contract completed June 2015) - Ruralis" />
<meta property="og:description" content="Bjørn Egil Flø has been employed by the Centre for Rural Research since 1997. He has broad research experience on issues such as organic farming, multifunctional agriculture, sustainable agriculture and rural communities. Flø is currently working on his doctoral dissertation on conflicts and controversies connected to commercializing of the moose hunt in rural communities. His&hellip;" />
<meta property="og:url" content="https://ruralis.no/en/employees/bjorn-egil-flo-en/" />
<meta property="og:site_name" content="Ruralis" />
<meta property="article:publisher" content="https://www.facebook.com/stiftelsenruralis/" />
<meta property="article:modified_time" content="2026-02-19T14:06:33+00:00" />
<meta property="og:image" content="https://ruralis.no/wp-content/uploads/2017/04/1533e7b57d59e5.jpg" />
	<meta property="og:image:width" content="1416" />
	<meta property="og:image:height" content="2117" />
	<meta property="og:image:type" content="image/jpeg" />
<meta name="twitter:card" content="summary_large_image" />
<meta name="twitter:site" content="@ruralis_no" />
<meta name="twitter:label1" content="Est. reading time" />
	<meta name="twitter:data1" content="1 minute" />
<script type="application/ld+json" class="yoast-schema-graph">{"@context":"https:\/\/schema.org","@graph":[{"@type":"WebPage","@id":"https:\/\/ruralis.no\/en\/employees\/bjorn-egil-flo-en\/","url":"https:\/\/ruralis.no\/en\/employees\/bjorn-egil-flo-en\/","name":"Bjørn Egil Flø (contract completed June 2015) - Ruralis","isPartOf":{"@id":"https:\/\/ruralis.no\/en\/#website"},"primaryImageOfPage":{"@id":"https:\/\/ruralis.no\/en\/employees\/bjorn-egil-flo-en\/#primaryimage"},"image":{"@id":"https:\/\/ruralis.no\/en\/employees\/bjorn-egil-flo-en\/#primaryimage"},"thumbnailUrl":"https:\/\/ruralis.no\/wp-content\/uploads\/2017\/04\/1533e7b57d59e5.jpg","datePublished":"2017-04-27T12:06:37+00:00","dateModified":"2026-02-19T14:06:33+00:00","breadcrumb":{"@id":"https:\/\/ruralis.no\/en\/employees\/bjorn-egil-flo-en\/#breadcrumb"},"inLanguage":"en-US","potentialAction":[{"@type":"ReadAction","target":["https:\/\/ruralis.no\/en\/employees\/bjorn-egil-flo-en\/"]}]},{"@type":"ImageObject","inLanguage":"en-US","@id":"https:\/\/ruralis.no\/en\/employees\/bjorn-egil-flo-en\/#primaryimage","url":"https:\/\/ruralis.no\/wp-content\/uploads\/2017\/04\/1533e7b57d59e5.jpg","contentUrl":"https:\/\/ruralis.no\/wp-content\/uploads\/2017\/04\/1533e7b57d59e5.jpg","width":1416,"height":2117},{"@type":"BreadcrumbList","@id":"https:\/\/ruralis.no\/en\/employees\/bjorn-egil-flo-en\/#breadcrumb","itemListElement":[{"@type":"ListItem","position":1,"name":"Hjem","item":"https:\/\/ruralis.no\/en\/"},{"@type":"ListItem","position":2,"name":"Employees","item":"https:\/\/ruralis.no\/ansatte\/"},{"@type":"ListItem","position":3,"name":"Bjørn Egil Flø (contract completed June 2015)"}]},{"@type":"WebSite","@id":"https:\/\/ruralis.no\/en\/#website","url":"https:\/\/ruralis.no\/en\/","name":"Ruralis","description":"Institutt for rural- og regionalforskning","publisher":{"@id":"https:\/\/ruralis.no\/en\/#organization"},"potentialAction":[{"@type":"SearchAction","target":{"@type":"EntryPoint","urlTemplate":"https:\/\/ruralis.no\/en\/?s={search_term_string}"},"query-input":{"@type":"PropertyValueSpecification","valueRequired":true,"valueName":"search_term_string"}}],"inLanguage":"en-US"},{"@type":"Organization","@id":"https:\/\/ruralis.no\/en\/#organization","name":"Ruralis - Institutt for rural- og regionalforskning","alternateName":"Ruralis","url":"https:\/\/ruralis.no\/en\/","logo":{"@type":"ImageObject","inLanguage":"en-US","@id":"https:\/\/ruralis.no\/en\/#\/schema\/logo\/image\/","url":"https:\/\/ruralis.no\/wp-content\/uploads\/2023\/04\/ruralis_logo-1-1.svg","contentUrl":"https:\/\/ruralis.no\/wp-content\/uploads\/2023\/04\/ruralis_logo-1-1.svg","width":129,"height":64,"caption":"Ruralis - Institutt for rural- og regionalforskning"},"image":{"@id":"https:\/\/ruralis.no\/en\/#\/schema\/logo\/image\/"},"sameAs":["https:\/\/www.facebook.com\/stiftelsenruralis\/","https:\/\/x.com\/ruralis_no","https:\/\/www.instagram.com\/ruralis_no","https:\/\/www.linkedin.com\/company\/ruralis_no\/","https:\/\/www.youtube.com\/@ruralis_no"]}]}</script>
<!-- / Yoast SEO plugin. -->

Bjørn Egil Flø (contract completed June 2015) - Ruralis

Bjørn Egil Flø has been employed by the Centre for Rural Research since 1997. He has broad research experience on issues such as organic farming, multifunctional agriculture, sustainable agriculture and rural communities. Flø is currently working on his doctoral dissertation on conflicts and controversies connected to commercializing of the moose hunt in rural communities. His&hellip;
